{"id":68,"date":"2020-11-08T23:08:09","date_gmt":"2020-11-08T22:08:09","guid":{"rendered":"https:\/\/lecolemontessoriduvendomois.com\/?page_id=68"},"modified":"2021-01-24T21:35:27","modified_gmt":"2021-01-24T20:35:27","slug":"faq","status":"publish","type":"page","link":"https:\/\/lecolemontessoriduvendomois.com\/index.php\/faq\/","title":{"rendered":"FAQ"},"content":{"rendered":"<p>13[vc_row type=\u00a0\u00bbfull_width_background\u00a0\u00bb full_screen_row_position=\u00a0\u00bbmiddle\u00a0\u00bb scene_position=\u00a0\u00bbcenter\u00a0\u00bb text_color=\u00a0\u00bbdark\u00a0\u00bb text_align=\u00a0\u00bbleft\u00a0\u00bb top_padding=\u00a0\u00bb7%\u00a0\u00bb bottom_padding=\u00a0\u00bb7%\u00a0\u00bb overlay_strength=\u00a0\u00bb0.3&Prime; shape_divider_position=\u00a0\u00bbbottom\u00a0\u00bb bg_image_animation=\u00a0\u00bbnone\u00a0\u00bb][vc_column column_padding=\u00a0\u00bbpadding-2-percent\u00a0\u00bb column_padding_position=\u00a0\u00bball\u00a0\u00bb background_color_opacity=\u00a0\u00bb1&Prime; background_hover_color_opacity=\u00a0\u00bb1&Prime; column_link_target=\u00a0\u00bb_self\u00a0\u00bb column_shadow=\u00a0\u00bbnone\u00a0\u00bb column_border_radius=\u00a0\u00bbnone\u00a0\u00bb width=\u00a0\u00bb1\/1&Prime; tablet_width_inherit=\u00a0\u00bbdefault\u00a0\u00bb tablet_text_alignment=\u00a0\u00bbdefault\u00a0\u00bb phone_text_alignment=\u00a0\u00bbdefault\u00a0\u00bb column_border_width=\u00a0\u00bbnone\u00a0\u00bb column_border_style=\u00a0\u00bbsolid\u00a0\u00bb bg_image_animation=\u00a0\u00bbnone\u00a0\u00bb][nectar_animated_title heading_tag=\u00a0\u00bbh2&Prime; style=\u00a0\u00bbcolor-strip-reveal\u00a0\u00bb color=\u00a0\u00bbExtra-Color-2&Prime; text=\u00a0\u00bbFAQ\u00a0\u00bb][toggles style=\u00a0\u00bbminimal\u00a0\u00bb][toggle color=\u00a0\u00bbExtra-Color-2&Prime; title=\u00a0\u00bbQu&rsquo;est ce que la p\u00e9dagogie Montessori ?\u00a0\u00bb][vc_column_text]\n<p style=\"text-align: justify;\">C\u2019est une p\u00e9dagogie active, alternative \u00e0 l\u2019enseignement traditionnel. Encore assez peu r\u00e9pandue en France, elle est pourtant le mod\u00e8le de r\u00e9f\u00e9rence des \u00e9coles publiques dans de nombreux pays partout dans le monde. Elle a \u00e9t\u00e9 invent\u00e9e et d\u00e9velopp\u00e9e par Maria Montessori au d\u00e9but du XXe si\u00e8cle puis par son fils Mario Montessori.<\/p>\n<p style=\"text-align: justify;\">Cette\u00a0<strong>p\u00e9dagogie<\/strong>\u00a0est fond\u00e9e sur la volont\u00e9 d&rsquo;aider l&rsquo;enfant \u00e0 se construire et \u00e0 d\u00e9velopper son autonomie\u00a0: \u00ab\u00a0aide-moi \u00e0 faire seul\u00a0\u00bb.<\/p>\n<p style=\"text-align: justify;\">A partir de l\u2019observation de ses rythmes de d\u00e9veloppement, de ses p\u00e9riodes sensibles, l\u2019\u00e9ducateur form\u00e9 adoptera une posture sp\u00e9cifique lui permettant de pr\u00e9parer un environnement adapt\u00e9. La p\u00e9dagogie Montessori pourrait \u00eatre d\u00e9crite \u00e9galement comme une \u00e9ducation d\u00e9veloppant l\u2019auto-discipline. Dans une \u00e9cole Montessori, les enfants ne font pas ce qu\u2019ils veulent mais veulent ce qu\u2019ils font\u00a0: la libert\u00e9 dans un cadre. Cette libert\u00e9 accompagn\u00e9e permet \u00e0 chaque enfant d\u2019avoir la chance de d\u00e9velopper son plein potentiel.<\/p>\n[\/vc_column_text][\/toggle][toggle color=\u00a0\u00bbExtra-Color-2&Prime; title=\u00a0\u00bbPourquoi choisir une \u00e9cole Montessori plut\u00f4t qu\u2019une autre \u00e9cole ?\u00a0\u00bb][vc_column_text]\n<p style=\"text-align: justify;\">Les principales diff\u00e9rences entre une \u00e9cole Montessori et une \u00e9cole traditionnelle (ou alternative) se trouvent dans\u00a0: la posture de l\u2019\u00e9ducateur, le mat\u00e9riel, l\u2019organisation des classes (appel\u00e9es ambiances), le fonctionnement de l\u2019enseignement et l\u2019organisation du temps.<\/p>\n<p style=\"text-align: justify;\">Dans une \u00e9cole Montessori, l\u2019\u00e9ducateur connait les p\u00e9riodes sensibles de chaque enfant. Il a re\u00e7u une formation lui permettant de proposer les activit\u00e9s sp\u00e9cifiques adapt\u00e9es et correspondantes aux besoins en d\u00e9veloppement intellectuel et global de chacun.<\/p>\n<p style=\"text-align: justify;\">Le mat\u00e9riel scientifique \u00e9tudi\u00e9 et perfectionn\u00e9 depuis plus d\u2019un si\u00e8cle permet le d\u00e9veloppement du plein potentiel des enfants. Il est ordonn\u00e9 et soutient le perfectionnement des comp\u00e9tences des \u00e9l\u00e8ves. Les parents s\u2019engagent g\u00e9n\u00e9ralement \u00e0 laisser leur enfant les trois ann\u00e9es du cycle (3-6 ans, 6-12 ans) pour lui garantir l\u2019acquisition totale des objectifs du socle commun des comp\u00e9tences.<\/p>\n<p style=\"text-align: justify;\">La p\u00e9dagogie Montessori permet \u00e0 chaque enfant d\u2019avancer \u00e0 son rythme et ainsi de se d\u00e9velopper de mani\u00e8re la plus compl\u00e8te et globale possible ( \u00e0 la lumi\u00e8re du concept des intelligences multiples notamment).<\/p>\n[\/vc_column_text][\/toggle][toggle color=\u00a0\u00bbExtra-Color-2&Prime; title=\u00a0\u00bbComment puis-je savoir s\u2019il s\u2019agit bien d\u2019une \u00e9cole Montessori de qualit\u00e9 ?\u00a0\u00bb][vc_column_text]\n<p style=\"text-align: justify;\">Aujourd\u2019hui, le nom Montessori n\u2019est pas d\u00e9pos\u00e9. De plus, il n\u2019y a pas de label officiel Montessori qui pourrait \u00eatre le garant d\u2019une \u00e9cole de qualit\u00e9. Cela constitue une v\u00e9ritable difficult\u00e9 pour les familles qui doivent parfois faire de difficiles sacrifices dans le but d\u2019offrir \u00e0 leur enfant une scolarit\u00e9 montessorienne. Il existe un peu plus d\u2019une centaine d\u2019\u00e9coles Montessori en France, sans compter celles qui s\u2019inspirent des travaux de Maria Montessori.<\/p>\n<p style=\"text-align: justify;\">Aussi, voici quelques clefs d\u2019observation qui vous permettront de d\u00e9couvrir l\u2019enseignement dispens\u00e9 dans l\u2019\u00e9cole que vous choisirez et la vision de la p\u00e9dagogie qui y sera v\u00e9hicul\u00e9e.<\/p>\n<ul>\n<li>Dans la classe les enfants sont m\u00e9lang\u00e9s par groupes d\u2019\u00e2ges (3-6 ans, 6-9 ans, 9-12 ans ou 6-12 ans parfois)<\/li>\n<li>L\u2019\u00e9ducateur est form\u00e9 \u00e0 la p\u00e9dagogie Montessori et adh\u00e8re \u00e0 l\u2019AMF. Il se tient inform\u00e9 des conf\u00e9rences et informations nationales propos\u00e9es par l\u2019AMI (Association Montessori Internationale) ou l\u2019AMF (Association Montessori France).<\/li>\n<li>Les classes proposent l\u2019ensemble du mat\u00e9riel Montessori (vous pourrez retrouver le mat\u00e9riel sur la charte des \u00e9tablissements AMI)<\/li>\n<li>Le rythme de l\u2019enfant est respect\u00e9 (une plage de travail continue de 2h30-3h le matin et l\u2019apr\u00e8s-midi).<\/li>\n<\/ul>\n[\/vc_column_text][\/toggle][toggle color=\u00a0\u00bbExtra-Color-2&Prime; title=\u00a0\u00bbL&rsquo;\u00e9cole sera-t-elle reconnue par l&rsquo;\u00e9tat ?\u00a0\u00bb][vc_column_text css_animation=\u00a0\u00bbnone\u00a0\u00bb]\n<p style=\"text-align: justify;\">L&rsquo;Ecole Montessori du Vend\u00f4mois est un \u00e9tablissement d&rsquo;enseignement priv\u00e9 hors contrat. Non reconnu par l&rsquo;Etat, il ne re\u00e7oit donc aucune aide financi\u00e8re du Minist\u00e8re de l&rsquo;Education Nationale mais b\u00e9n\u00e9ficie en contrepartie d&rsquo;une libert\u00e9 absolue dans le recrutement des professeurs, les programmes, les contenus p\u00e9dagogiques et les m\u00e9thodes \u00e9ducatives. L&rsquo;\u00e9cole est d\u00e9clar\u00e9e \u00e0 l&rsquo;acad\u00e9mie Orl\u00e9ans-Tours et sera inspect\u00e9e chaque ann\u00e9e. Notre \u00e9tablissement donne la possibilit\u00e9 \u00e0 chaque enfant de r\u00e9int\u00e9grer une scolarit\u00e9 classique \u00e0 la fin de chaque cycle 3 &#8211; 6 ans et 6 &#8211; 12 ans (ouverture 2022).<\/p>\n[\/vc_column_text][\/toggle][toggle color=\u00a0\u00bbExtra-Color-2&Prime; title=\u00a0\u00bbPourquoi dois-je payer des frais de scolarit\u00e9 sur 12 mois ?\u00a0\u00bb][vc_column_text]\n<p style=\"text-align: justify;\">Les loyers, salaires et charges de l\u2019\u00e9cole sont pay\u00e9s tout au long de l\u2019ann\u00e9e. Lisser les d\u00e9penses sur 12 mois permet aux familles de payer des frais de scolarit\u00e9 plus faibles que sur 10 mois.<\/p>\n[\/vc_column_text][\/toggle][toggle color=\u00a0\u00bbExtra-Color-2&Prime; title=\u00a0\u00bbComment sont contr\u00f4l\u00e9es les \u00e9coles Montessori ?\u00a0\u00bb][vc_column_text]\n<p style=\"text-align: justify;\">Toute \u00e9cole souhaitant ouvrir sur le territoire fran\u00e7ais doit avoir une autorisation de la part de la commune, de la pr\u00e9fecture et de l\u2019acad\u00e9mie. Des inspections de l\u2019\u00e9tablissement par l\u2019Acad\u00e9mie ont lieu chaque ann\u00e9e pour contr\u00f4ler son bon fonctionnement.<\/p>\n[\/vc_column_text][\/toggle][toggle color=\u00a0\u00bbExtra-Color-2&Prime; title=\u00a0\u00bbComment les enfants sont-ils \u00e9valu\u00e9s ?\u00a0\u00bb][vc_column_text]\n<p style=\"text-align: justify;\">Dans une \u00e9cole Montessori, l\u2019\u00e9ducateur utilise une technique d\u2019observation \u00e0 laquelle il est sp\u00e9cifiquement form\u00e9 pour lui permettre d\u2019\u00e9valuer le niveau d\u2019avancement des enfants sans que ces derniers ne se sentent jug\u00e9s, \u00e9valu\u00e9s ou compar\u00e9s les uns aux autres.<\/p>\n<p style=\"text-align: justify;\">Dans l\u2019ambiance 3-6 ans, on ne pointe pas l\u2019erreur de l\u2019enfant mais on met l\u2019accent sur le sens de l\u2019effort et la r\u00e9alisation du travail accompli gr\u00e2ce notamment \u00e0 des commentaires descriptifs et des encouragements.<\/p>\n[\/vc_column_text][\/toggle][toggle color=\u00a0\u00bbExtra-Color-2&Prime; title=\u00a0\u00bbLes enfants ont-ils des devoirs \u00e0 faire le soir ?\u00a0\u00bb][vc_column_text]\n<p style=\"text-align: justify;\">Les enfants n\u2019ont pas de devoirs \u00e0 faire \u00e0 la maison, le travail scolaire est fait \u00e0 l\u2019\u00e9cole.<\/p>\n[\/vc_column_text][\/toggle][toggle color=\u00a0\u00bbExtra-Color-2&Prime; title=\u00a0\u00bbComment puis-je soutenir le travail r\u00e9alis\u00e9 \u00e0 l\u2019\u00e9cole lorsque mon enfant est \u00e0 la maison ?\u00a0\u00bb][vc_column_text]\n<p style=\"text-align: justify;\">Montessori n\u2019est pas qu\u2019une m\u00e9thode p\u00e9dagogique ou didactique. C\u2019est avant tout une philosophie de vie, une vision diff\u00e9rente des besoins et du d\u00e9veloppement de l\u2019enfant.<br \/>\nCette psychop\u00e9dagogie ne se limite pas au mat\u00e9riel bien au contraire. Les parents peuvent soutenir le travail r\u00e9alis\u00e9 \u00e0 l\u2019\u00e9cole Montessori en laissant par exemple l\u2019enfant participer aux t\u00e2ches quotidiennes (cuisine, rangement, nettoyage, vaisselle, soin des plantes et des animaux etc.). Pour cela, nous pouvons adapter la maison aux besoins et \u00e0 la taille de l\u2019enfant.<br \/>\nSoutenir son enfant \u00e0 la maison dans le but de permettre la continuit\u00e9 p\u00e9dagogique c\u2019est avant tout\u00a0: \u00ab\u00a0respecter l\u2019enfant et le consid\u00e9rer avec un regard confiant et bienveillant : savoir l\u2019\u00e9couter, lui parler, l\u2019observer, l\u2019aider sans trop intervenir, lui laisser le temps, et enfin accepter qui il est. C\u2019est aussi l\u2019aider \u00e0 apprendre \u00e0 se conna\u00eetre, \u00e0 s\u2019accepter et \u00e0 progresser.\u00bb<\/p>\n[\/vc_column_text][\/toggle][toggle color=\u00a0\u00bbExtra-Color-2&Prime; title=\u00a0\u00bbA quoi sert le m\u00e9lange des \u00e2ges ?\u00a0\u00bb][vc_column_text]\n<p style=\"text-align: justify;\">La richesse des groupes multi-\u00e2ges remplit plusieurs objectifs\u00a0:<\/p>\n<ul>\n<li>Accro\u00eetre la diversit\u00e9 des interactions entre pairs et permettre l\u2019entraide entre les enfants qui b\u00e9n\u00e9ficient chacun de leur propre maturit\u00e9, expertise et exp\u00e9rience.<\/li>\n<li>Les plus jeunes enfants qui arrivent dans l\u2019ambiance sont introduits par les plus \u00e2g\u00e9s qui connaissent le mat\u00e9riel et peuvent apporter leur aide avec patience et bienveillance. Gr\u00e2ce \u00e0 ce processus, l\u2019enfant le plus grand d\u00e9veloppe ses qualit\u00e9s sociales, observe son \u00e9volution depuis son entr\u00e9e dans la maison des enfants et apprend \u00e0 se tourner vers les autres. Les plus jeunes sont stimul\u00e9s par les plus \u00e2g\u00e9s et l\u2019\u00e9mulation sociale prend vie.<\/li>\n<\/ul>\n[\/vc_column_text][\/toggle][toggle color=\u00a0\u00bbExtra-Color-2&Prime; title=\u00a0\u00bbQue se passe-t-il lorsque des enfants retrouvent le syst\u00e8me scolaire traditionnel ?\u00a0\u00bb][vc_column_text]\n<p style=\"text-align: justify;\">G\u00e9n\u00e9ralement, les programmes des \u00e9coles Montessori vont bien au-del\u00e0 des attendus acad\u00e9miques de leur niveau. Par ailleurs, cette p\u00e9dagogie d\u00e9veloppe l\u2019ind\u00e9pendance, l\u2019auto-discipline, la facult\u00e9 d\u2019adaptation et la confiance en soi. Pour le bien-\u00eatre des enfants, la continuit\u00e9 du cursus dans l\u2019ambiance 6-12 ans est pr\u00e9f\u00e9rable.<br \/>\nPar ailleurs, ces derni\u00e8res ann\u00e9es, la p\u00e9dagogie Montessori a pu \u00eatre \u00e9tudi\u00e9e \u00e0 la lumi\u00e8re des r\u00e9centes recherches en neurosciences. Aussi, l\u2019\u00e9cole Montessori du Vend\u00f4mois sait adapter intelligemment cette m\u00e9thode didactique aux r\u00e9alit\u00e9s du terrain du XXIe si\u00e8cle.<\/p>\n[\/vc_column_text][\/toggle][toggle color=\u00a0\u00bbExtra-Color-2&Prime; title=\u00a0\u00bbLa p\u00e9dagogie Montessori va-t-elle faire de mon enfant un petit g\u00e9nie ?\u00a0\u00bb][vc_column_text]\n<p style=\"text-align: justify;\">Voici une citation de Maria Montessori r\u00e9pondant \u00e0 cette question\u00a0: <i>\u00ab\u00a0En v\u00e9rit\u00e9, nous ne pouvons fabriquer des g\u00e9nies, nous pouvons seulement donner \u00e0 chaque individu la chance d\u2019utiliser pleinement ses capacit\u00e9s potentielles afin de devenir un \u00eatre humain ind\u00e9pendant, tranquille et \u00e9quilibr\u00e9\u00a0\u00bb<\/i><span class=\"apple-converted-space\">\u00a0<\/span>\u00e9crivait le Dr. Montessori.<br \/>\nLes \u00e9ducateurs pr\u00e9sentent des activit\u00e9s sp\u00e9cifiques correspondantes aux besoins de l\u2019enfant et au respect de son rythme. Chaque enfant est diff\u00e9rent, certains liront \u00e0 4 ans d\u2019autres \u00e0 6 ans et il n\u2019y a pas de bon ou de mauvais chemin\u00a0: chacun son rythme. L\u2019engagement moral des parents pour que l\u2019enfant puisse suivre ses 3 ans de cycle garantit l\u2019acquisition du socle commun de comp\u00e9tences n\u00e9cessaire \u00e0 l\u2019entr\u00e9e en CP (l\u2019\u00c9cole Montessori du Vend\u00f4mois ouvrira son cycle 6-12 ans en 2022).<br \/>\nToutefois, l\u2019entr\u00e9e en CP reste une \u00e9tape importante pour chaque enfant, m\u00eame pour les petits montessoriens, qui auront n\u00e9anmoins (en dehors de l\u2019acquisition du niveau acad\u00e9mique) pu s\u2019\u00e9panouir, grandir et d\u00e9velopper leur confiance en eux pendant ces 3 ann\u00e9es.<\/p>\n[\/vc_column_text][\/toggle][\/toggles][\/vc_column][\/vc_row]\n","protected":false},"excerpt":{"rendered":"<p>13[vc_row type=\u00a0\u00bbfull_width_background\u00a0\u00bb full_screen_row_position=\u00a0\u00bbmiddle\u00a0\u00bb scene_position=\u00a0\u00bbcenter\u00a0\u00bb text_color=\u00a0\u00bbdark\u00a0\u00bb text_align=\u00a0\u00bbleft\u00a0\u00bb top_padding=\u00a0\u00bb7%\u00a0\u00bb bottom_padding=\u00a0\u00bb7%\u00a0\u00bb overlay_strength=\u00a0\u00bb0.3&Prime; shape_divider_position=\u00a0\u00bbbottom\u00a0\u00bb bg_image_animation=\u00a0\u00bbnone\u00a0\u00bb][vc_column column_padding=\u00a0\u00bbpadding-2-percent\u00a0\u00bb column_padding_position=\u00a0\u00bball\u00a0\u00bb background_color_opacity=\u00a0\u00bb1&Prime; background_hover_color_opacity=\u00a0\u00bb1&Prime; column_link_target=\u00a0\u00bb_self\u00a0\u00bb column_shadow=\u00a0\u00bbnone\u00a0\u00bb column_border_radius=\u00a0\u00bbnone\u00a0\u00bb width=\u00a0\u00bb1\/1&Prime; tablet_width_inherit=\u00a0\u00bbdefault\u00a0\u00bb tablet_text_alignment=\u00a0\u00bbdefault\u00a0\u00bb phone_text_alignment=\u00a0\u00bbdefault\u00a0\u00bb column_border_width=\u00a0\u00bbnone\u00a0\u00bb column_border_style=\u00a0\u00bbsolid\u00a0\u00bb bg_image_animation=\u00a0\u00bbnone\u00a0\u00bb][nectar_animated_title heading_tag=\u00a0\u00bbh2&Prime; style=\u00a0\u00bbcolor-strip-reveal\u00a0\u00bb color=\u00a0\u00bbExtra-Color-2&Prime; text=\u00a0\u00bbFAQ\u00a0\u00bb][toggles style=\u00a0\u00bbminimal\u00a0\u00bb][toggle&#8230;<\/p>\n","protected":false},"author":1,"featured_media":0,"parent":0,"menu_order":13,"comment_status":"closed","ping_status":"closed","template":"","meta":{"_seopress_robots_primary_cat":"","_seopress_titles_title":"","_seopress_titles_desc":"","_seopress_robots_index":"","footnotes":""},"class_list":["post-68","page","type-page","status-publish"],"_links":{"self":[{"href":"https:\/\/lecolemontessoriduvendomois.com\/index.php\/wp-json\/wp\/v2\/pages\/68","targetHints":{"allow":["GET"]}}],"collection":[{"href":"https:\/\/lecolemontessoriduvendomois.com\/index.php\/wp-json\/wp\/v2\/pages"}],"about":[{"href":"https:\/\/lecolemontessoriduvendomois.com\/index.php\/wp-json\/wp\/v2\/types\/page"}],"author":[{"embeddable":true,"href":"https:\/\/lecolemontessoriduvendomois.com\/index.php\/wp-json\/wp\/v2\/users\/1"}],"replies":[{"embeddable":true,"href":"https:\/\/lecolemontessoriduvendomois.com\/index.php\/wp-json\/wp\/v2\/comments?post=68"}],"version-history":[{"count":41,"href":"https:\/\/lecolemontessoriduvendomois.com\/index.php\/wp-json\/wp\/v2\/pages\/68\/revisions"}],"predecessor-version":[{"id":868,"href":"https:\/\/lecolemontessoriduvendomois.com\/index.php\/wp-json\/wp\/v2\/pages\/68\/revisions\/868"}],"wp:attachment":[{"href":"https:\/\/lecolemontessoriduvendomois.com\/index.php\/wp-json\/wp\/v2\/media?parent=68"}],"curies":[{"name":"wp","href":"https:\/\/api.w.org\/{rel}","templated":true}]}}